{"id":86,"date":"2021-07-22T19:11:15","date_gmt":"2021-07-22T22:11:15","guid":{"rendered":"https:\/\/anatomymkt.com.br\/drdaniel\/?page_id=86"},"modified":"2021-09-08T09:17:31","modified_gmt":"2021-09-08T12:17:31","slug":"para-pacientes","status":"publish","type":"page","link":"https:\/\/anatomymkt.com.br\/drdaniel\/para-pacientes\/","title":{"rendered":"Para pacientes"},"content":{"rendered":"\n<p>Apresento aqui a proposta de trabalho baseada na psicoeduca\u00e7\u00e3o e que \u00e9 utilizada independente de haver ou n\u00e3o indica\u00e7\u00e3o de uso de medicamentos. Sugere-se a realiza\u00e7\u00e3o de ao menos as oito primeiras sess\u00f5es com a periodicidade que melhor lhe convier (semanal, quinzenal, mensal).<\/p>\n\n\n\n<p><\/p>\n\n\n\n<p>Em linhas gerais, e de forma bem resumida, o processo todo baseia-se em:<\/p>\n\n\n\n<p>. compromisso de participa\u00e7\u00e3o sempre ativa de paciente e psiquiatra, que atuam de forma colaborativa para buscar solu\u00e7\u00f5es;<\/p>\n\n\n\n<p>.&nbsp;foco na resolu\u00e7\u00e3o de problemas atuais ao inv\u00e9s de passados, ou seja, priorizar o que neste momento est\u00e1 prejudicando sua funcionalidade e bem estar;<\/p>\n\n\n\n<p>. abordagem estruturada e bastante pr\u00e1tica, envolvendo especialmente quest\u00f5es do dia a dia;<\/p>\n\n\n\n<p>. compreens\u00e3o das formas como o(s) seu(s) transtorno(s) se manifesta(m);<\/p>\n\n\n\n<p>. reconhecimento dos fatores agravantes e fatores atenuantes dos seus estados ps\u00edquicos negativos;<\/p>\n\n\n\n<p>.&nbsp;identifica\u00e7\u00e3o de sintomas, rea\u00e7\u00f5es emocionais negativas, pensamentos distorcidos e estados ps\u00edquicos inc\u00f4modos de uma forma geral, para ent\u00e3o desenvolver estrat\u00e9gias e adquirir habilidades para ameniz\u00e1-los ou elimin\u00e1-los.<\/p>\n\n\n\n<p>\u200b<\/p>\n\n\n\n<p>\u200bTem por objetivo aumentar as probabilidades de:<\/p>\n\n\n\n<p>. controle mais r\u00e1pido e eficaz dos sintomas, especialmente aqueles em que os medicamentos t\u00eam menos efeito (quando for o caso);<\/p>\n\n\n\n<p>. preven\u00e7\u00e3o de novos epis\u00f3dios agudos de seu(s) transtorno(s), com manuten\u00e7\u00e3o de remiss\u00e3o a longo prazo sem reca\u00eddas;<\/p>\n\n\n\n<p>. aumento da probabilidade de manter-se sem uso de medicamentos ap\u00f3s o per\u00edodo de tratamento agudo (quando for o caso);<\/p>\n\n\n\n<p>. melhora da qualidade de vida e bem estar geral.<\/p>\n\n\n\n<p>\u200b<\/p>\n\n\n\n<p>Como pode ser visto abaixo, para cada sess\u00e3o existem objetivos e tarefas de casa. Estas devem ser realizadas para discuss\u00e3o na sess\u00e3o seguinte e s\u00e3o parte fundamental do trabalho, pois este&nbsp;n\u00e3o \u00e9 realizado apenas em consulta, mas tamb\u00e9m fora dela.<\/p>\n\n\n\n<p><strong>&gt; 1a sess\u00e3o: Diagn\u00f3stico<\/strong><\/p>\n\n\n\n<p><em>Objetivos:<\/em><\/p>\n\n\n\n<p>1. coletar informa\u00e7\u00f5es sobre a hist\u00f3ria de vida e de sintomas;<\/p>\n\n\n\n<p>2. estabelecer o(s) diagn\u00f3stico(s);<\/p>\n\n\n\n<p>3. apresentar op\u00e7\u00f5es de tratamento;<\/p>\n\n\n\n<p>4. estabelecer em conjunto objetivos e plano de tratamento.<\/p>\n\n\n\n<p><\/p>\n\n\n\n<p><em>Tarefas de casa:<\/em><\/p>\n\n\n\n<p>1. estudar sobre o(s) seu(s) diagn\u00f3stico(s)\u00a0<a href=\"https:\/\/danielgoncalvespsiquiatra.com\/artigos\/\" data-type=\"URL\" data-id=\"https:\/\/danielgoncalvespsiquiatra.com\/artigos\/\">clicando aqui;<\/a><\/p>\n\n\n\n<p>2. ler sobre t\u00e9cnicas para al\u00edvio da ansiedade&nbsp;<a href=\"https:\/\/www.danielgoncalvespsiquiatra.com\/t%C3%A9cnicas-al%C3%ADvio-ansiedade\" target=\"_blank\" rel=\"noreferrer noopener\">clicando aqui<\/a>;<\/p>\n\n\n\n<p>3. ler orienta\u00e7\u00f5es sobre tratamento medicamentoso&nbsp;<a href=\"https:\/\/www.danielgoncalvespsiquiatra.com\/orientacoes-gerais-de-tratamento\" target=\"_blank\" rel=\"noreferrer noopener\">clicando aqui<\/a>;<\/p>\n\n\n\n<p>4. voc\u00ea pode avaliar a severidade de seus sintomas depressivos&nbsp;<a href=\"https:\/\/www.danielgoncalvespsiquiatra.com\/phq\" target=\"_blank\" rel=\"noreferrer noopener\">clicando aqui<\/a>;<\/p>\n\n\n\n<p>5. voc\u00ea pode avaliar a severidade de seus sintomas ansiosos&nbsp;<a href=\"https:\/\/www.danielgoncalvespsiquiatra.com\/gad-7\" target=\"_blank\" rel=\"noreferrer noopener\">clicando aqui;<\/a><\/p>\n\n\n\n<p>6. se tiver sido prescrito l\u00edtio, leia as orienta\u00e7\u00f5es para uso desta medica\u00e7\u00e3o&nbsp;<a rel=\"noreferrer noopener\" href=\"https:\/\/www.danielgoncalvespsiquiatra.com\/orientacoes-para-uso-de-litio\" target=\"_blank\">clicando aqui,&nbsp;e&nbsp;<\/a>&nbsp;se tiver sido prescrito \u00e1cido valproico ou carbamazepina, leia as orienta\u00e7\u00f5es para uso desta(s) medica\u00e7\u00e3o(\u00f5es)&nbsp;<a rel=\"noreferrer noopener\" href=\"https:\/\/www.danielgoncalvespsiquiatra.com\/uso-de-acido-valproico-e-carbamazep\" target=\"_blank\">clicando aqui.<\/a><\/p>\n\n\n\n<p>&gt; ATEN\u00c7\u00c3O:<\/p>\n\n\n\n<p>Fazer o registro de todas as atividades realizadas em consulta e das tarefas de casa em um caderno de terapia ou arquivo de computador \u00e9 considerado fundamental. Al\u00e9m de ficarem registrados os seus progressos, as informa\u00e7\u00f5es ali armazenadas poder\u00e3o ser muito \u00fateis no futuro.<\/p>\n\n\n\n<p>\u200b<\/p>\n\n\n\n<p><strong>&gt; 2a sess\u00e3o: Educa\u00e7\u00e3o sobre o(s) diagn\u00f3stico(s)\/Regularidade de h\u00e1bitos<\/strong><\/p>\n\n\n\n<p><em>Objetivos:<\/em><\/p>\n\n\n\n<p>1. listar problemas atuais que atuam como fatores estressores para an\u00e1lise durante a sess\u00e3o;<\/p>\n\n\n\n<p>2. revisar quest\u00f5es sobre o(s) seu(s) diagn\u00f3stico(s), tais como manifesta\u00e7\u00f5es sintom\u00e1ticas, tratamentos e progn\u00f3stico(s);<\/p>\n\n\n\n<p>3. estabelecer metas de regularidade de h\u00e1bitos e analisar a import\u00e2ncia da higiene de sono, da pr\u00e1tica de exerc\u00edcios e de uma dieta saud\u00e1vel;<\/p>\n\n\n\n<p>4. definir estrat\u00e9gias para organizar atividades di\u00e1rias de forma mais saud\u00e1vel e produtiva a fim de reduzir sintomas;<\/p>\n\n\n\n<p>5. Apresentar t\u00e9cnicas de exposi\u00e7\u00e3o gradual e ativa\u00e7\u00e3o comportamental.<\/p>\n\n\n\n<p>\u200b\u200b<\/p>\n\n\n\n<p><em>Tarefas de casa:<\/em><\/p>\n\n\n\n<p>1. listar seis emo\u00e7\u00f5es\/rea\u00e7\u00f5es corporais negativas com respectivos ativadores e pensamentos autom\u00e1ticos disfuncionais conforme a tabela Identificando Pensamentos Autom\u00e1ticos Disfuncionais. Para acess\u00e1-la&nbsp;<a href=\"https:\/\/www.danielgoncalvespsiquiatra.com\/ficha-abcde\" target=\"_blank\" rel=\"noreferrer noopener\">clique aqui;<\/a><\/p>\n\n\n\n<p>2. ler sobre higiene do sono&nbsp;<a href=\"https:\/\/www.danielgoncalvespsiquiatra.com\/higiene-do-sono\" target=\"_blank\" rel=\"noreferrer noopener\">clicando aqui<\/a>;<\/p>\n\n\n\n<p>3. ler orienta\u00e7\u00f5es sobre tratamento n\u00e3o medicamentoso&nbsp;<a href=\"https:\/\/www.danielgoncalvespsiquiatra.com\/orientacoes-tratamento-complementar\" target=\"_blank\" rel=\"noreferrer noopener\">clicando aqui<\/a>.\u200b<br>&nbsp;<\/p>\n\n\n\n<p><strong>&gt; 3a sess\u00e3o: Identificando pensamentos autom\u00e1ticos disfuncionais I<\/strong><\/p>\n\n\n\n<p><em>Objetivos:<\/em><\/p>\n\n\n\n<p>1. listar problemas atuais que atuam como fatores estressores para an\u00e1lise durante a sess\u00e3o;<\/p>\n\n\n\n<p>2. revisar a tabela Identificando Pensamentos Autom\u00e1ticos Disfuncionais preenchida;<\/p>\n\n\n\n<p>3. analisar como os pensamentos influenciam as emo\u00e7\u00f5es\/rea\u00e7\u00f5es corporais;<\/p>\n\n\n\n<p>4. avaliar o padr\u00e3o de pensamentos autom\u00e1ticos disfuncionais.<\/p>\n\n\n\n<p>\u200b<\/p>\n\n\n\n<p><em>Tarefas de casa:<\/em><\/p>\n\n\n\n<p>1. listar seis emo\u00e7\u00f5es\/rea\u00e7\u00f5es corporais negativas com respectivos ativadores e pensamentos autom\u00e1ticos disfuncionais conforme a tabela Identificando Pensamentos Autom\u00e1ticos Disfuncionais. Para acess\u00e1-la&nbsp;<a href=\"https:\/\/www.danielgoncalvespsiquiatra.com\/ficha-abcde\" target=\"_blank\" rel=\"noreferrer noopener\">clique aqui<\/a>;<\/p>\n\n\n\n<p>\u200b2. ler sobre distor\u00e7\u00f5es cognitivas mais comuns&nbsp;<a href=\"https:\/\/www.danielgoncalvespsiquiatra.com\/distor%C3%A7%C3%B5es-cognitivas-mais-comuns\" target=\"_blank\" rel=\"noreferrer noopener\">clicando aqui.<\/a><\/p>\n\n\n\n<p>\u200b<\/p>\n\n\n\n<p><strong>&gt; 4a sess\u00e3o: Identificando pensamentos autom\u00e1ticos disfuncionais II\/Modificando pensamentos autom\u00e1ticos disfuncionais I<\/strong><\/p>\n\n\n\n<p><em>Objetivos:<\/em><\/p>\n\n\n\n<p>1. listar problemas atuais que atuam como fatores estressores para an\u00e1lise durante a sess\u00e3o;<\/p>\n\n\n\n<p>2. revisar a tabela Identificando Pensamentos Autom\u00e1ticos Disfuncionais preenchida;<\/p>\n\n\n\n<p>3. analisar as distor\u00e7\u00f5es cognitivas mais comuns;<\/p>\n\n\n\n<p>4. apresentar t\u00e9cnicas para avaliar a validade e utilidade dos pensamentos autom\u00e1ticos disfuncionais.<\/p>\n\n\n\n<p>\u200b<\/p>\n\n\n\n<p><em>Tarefa de casa:<\/em><\/p>\n\n\n\n<p>1. listar quatro pensamentos autom\u00e1ticos disfuncionais com respectivos ativadores e consequ\u00eancias e avali\u00e1-los conforme a tabela Modificando Pensamentos Autom\u00e1ticos Disfuncionais. Para acess\u00e1-la&nbsp;<a href=\"https:\/\/www.danielgoncalvespsiquiatra.com\/desafiando-pensamentos\" target=\"_blank\" rel=\"noreferrer noopener\">clique aqui<\/a>.<\/p>\n\n\n\n<p>\u200b\u200b<\/p>\n\n\n\n<p><strong>&gt; 5a e 6a sess\u00f5es: Modificando pensamentos autom\u00e1ticos disfuncionais II e III<\/strong><\/p>\n\n\n\n<p><em>Objetivos:<\/em><\/p>\n\n\n\n<p>1. listar problemas atuais que atuam como fatores estressores para an\u00e1lise durante a sess\u00e3o;<\/p>\n\n\n\n<p>2. rever as t\u00e9cnicas para avaliar a validade e utilidade dos pensamentos autom\u00e1ticos disfuncionais;<\/p>\n\n\n\n<p>3. revisar a tabela Modificando Pensamentos Autom\u00e1ticos Disfuncionais preenchida;<\/p>\n\n\n\n<p>4. avaliar no dia a dia a rela\u00e7\u00e3o entre mudan\u00e7a cognitiva e al\u00edvio de sintomas.<\/p>\n\n\n\n<p>\u200b\u200b<\/p>\n\n\n\n<p><em>Tarefa de casa:<\/em><\/p>\n\n\n\n<p>1. listar quatro pensamentos autom\u00e1ticos disfuncionais com respectivos ativadores e consequ\u00eancias e avali\u00e1-los conforme a tabela Modificando Pensamentos Autom\u00e1ticos Disfuncionais. Para acess\u00e1-la&nbsp;<a href=\"https:\/\/www.danielgoncalvespsiquiatra.com\/desafiando-pensamentos\" target=\"_blank\" rel=\"noreferrer noopener\">clique aqui<\/a>.<\/p>\n\n\n\n<p>\u200b\u200b<\/p>\n\n\n\n<p><strong>&gt; 7a sess\u00e3o: Modificando pensamentos autom\u00e1ticos disfuncionais IV\/Conceituando esquemas disfuncionais e estilos de enfrentamento<\/strong><\/p>\n\n\n\n<p><em>Objetivos:<\/em><\/p>\n\n\n\n<p>1. listar problemas atuais que atuam como fatores estressores para an\u00e1lise durante a sess\u00e3o;<\/p>\n\n\n\n<p>2. revisar a tabela Modificando Pensamentos Autom\u00e1ticos Disfuncionais preenchida;<\/p>\n\n\n\n<p>3. introduzir o conceito de esquemas disfuncionais e analisar sua rela\u00e7\u00e3o com pensamentos autom\u00e1ticos disfuncionais;<\/p>\n\n\n\n<p>4. apresentar o conceito de estilos de enfrentamento e os tipos mais comuns (resigna\u00e7\u00e3o, evita\u00e7\u00e3o e hiper-compensa\u00e7\u00e3o).<\/p>\n\n\n\n<p>\u200b<\/p>\n\n\n\n<p><em>Tarefa de casa:<\/em><\/p>\n\n\n\n<p>1. ler o texto de introdu\u00e7\u00e3o sobre esquemas disfuncionais&nbsp;<a href=\"https:\/\/www.danielgoncalvespsiquiatra.com\/esquemas-disfuncionais\" target=\"_blank\" rel=\"noreferrer noopener\">clicando aqui<\/a>.<\/p>\n\n\n\n<p>\u200b<\/p>\n\n\n\n<p><strong>&gt; 8a sess\u00e3o: Identificando esquemas disfuncionais I<\/strong><\/p>\n\n\n\n<p><em>Objetivos:<\/em><\/p>\n\n\n\n<p>1. listar problemas atuais que atuam como fatores estressores para an\u00e1lise durante a sess\u00e3o;<\/p>\n\n\n\n<p>2. analisar a rela\u00e7\u00e3o entre os esquemas disfuncionais e os estados emocionais\/corporais negativos;<\/p>\n\n\n\n<p>3. apresentar os fundamentos sobre a origem dos esquemas disfuncionais;<\/p>\n\n\n\n<p>4. avaliar as formas como os esquemas disfuncionais s\u00e3o perpetuados.<\/p>\n\n\n\n<p>\u200b\u200b<\/p>\n\n\n\n<p><em>Tarefa de casa:<\/em><\/p>\n\n\n\n<p>1. identificar esquemas disfuncionais atrav\u00e9s da leitura dos textos apresentados nos links da p\u00e1gina que voc\u00ea acessa&nbsp;<a href=\"https:\/\/www.danielgoncalvespsiquiatra.com\/esquemas-disfuncionais-tipos\" target=\"_blank\" rel=\"noreferrer noopener\">clicando aqui<\/a><a href=\"https:\/\/www.danielgoncalvespsiquiatra.com\/esquemas-disfuncionais-tipos\" target=\"_blank\" rel=\"noreferrer noopener\">.<\/a><\/p>\n\n\n\n<p>\u200b<\/p>\n\n\n\n<p><strong>&gt; 9a sess\u00e3o: Identificando esquemas disfuncionais II<\/strong><\/p>\n\n\n\n<p><em>Objetivos:<\/em><\/p>\n\n\n\n<p>1. listar problemas atuais que atuam como fatores estressores para an\u00e1lise durante a sess\u00e3o;<\/p>\n\n\n\n<p>2. listar e analisar os esquemas disfuncionais que foram identificados na tarefa de casa;<\/p>\n\n\n\n<p>3. identificar as poss\u00edveis origens dos esquemas disfuncionais;<\/p>\n\n\n\n<p>4. avaliar como os esquemas disfuncionais identificados foram perpetuados.<br>&nbsp;<\/p>\n\n\n\n<p><em>Tarefa de casa:<\/em><\/p>\n\n\n\n<p>1. confirmar ou n\u00e3o os esquemas identificados na tarefa de casa da sess\u00e3o 8 atrav\u00e9s da releitura dos textos apresentados nos links da p\u00e1gina que voc\u00ea acessa&nbsp;<a href=\"https:\/\/www.danielgoncalvespsiquiatra.com\/esquemas-disfuncionais-tipos\" target=\"_blank\" rel=\"noreferrer noopener\">clicando aqui;<\/a><\/p>\n\n\n\n<p><a href=\"https:\/\/www.danielgoncalvespsiquiatra.com\/esquemas-disfuncionais\" target=\"_blank\" rel=\"noreferrer noopener\">2. identificar os estilos de enfrentamento mais comuns (resigna\u00e7\u00e3o, evita\u00e7\u00e3o e hiper-compensa\u00e7\u00e3o) para cada esquema disfuncional.<\/a><\/p>\n\n\n\n<p>\u200b<\/p>\n\n\n\n<p><strong>&gt; 10a sess\u00e3o: Identificando esquemas disfuncionais III<\/strong><\/p>\n\n\n\n<p><em>Objetivos:<\/em><\/p>\n\n\n\n<p>1. listar problemas atuais que atuam como fatores estressores para an\u00e1lise durante a sess\u00e3o;<\/p>\n\n\n\n<p>2. listar e analisar os esquemas disfuncionais que foram confirmados na tarefa de casa, identificando as suas poss\u00edveis origens e a forma como&nbsp;foram perpetuados;<\/p>\n\n\n\n<p>3. avaliar os estilos de enfrentamento mais comuns para cada esquema disfuncional identificado.<\/p>\n\n\n\n<p>\u200b<\/p>\n\n\n\n<p><em>Tarefa de casa:<\/em><\/p>\n\n\n\n<p>1. preencher a tabela Identificando Esquemas Disfuncionais&nbsp;<a href=\"https:\/\/www.danielgoncalvespsiquiatra.com\/identificando-esquemas-disfuncionai\" target=\"_blank\" rel=\"noreferrer noopener\">clicando aqui<\/a>.<\/p>\n\n\n\n<p><strong>\u200b<\/strong><\/p>\n\n\n\n<p><strong>&gt; 11a sess\u00e3o: Identificando esquemas disfuncionais IV<\/strong><\/p>\n\n\n\n<p><em>Objetivos:<\/em><\/p>\n\n\n\n<p>1. listar problemas atuais que atuam como fatores estressores para an\u00e1lise durante a sess\u00e3o;<\/p>\n\n\n\n<p>2. revisar a tabela Identificando Esquemas Disfuncionais preenchida;<\/p>\n\n\n\n<p>3. refor\u00e7ar a rela\u00e7\u00e3o entre pensamentos autom\u00e1ticos disfuncionais e esquemas disfuncionais.<\/p>\n\n\n\n<p>\u200b<\/p>\n\n\n\n<p><em>Tarefas de casa:<\/em><\/p>\n\n\n\n<p>1. preencher a tabela Identificando Esquemas Disfuncionais&nbsp;<a href=\"https:\/\/www.danielgoncalvespsiquiatra.com\/identificando-esquemas-disfuncionai\" target=\"_blank\" rel=\"noreferrer noopener\">clicando aqui<\/a>.<\/p>\n\n\n\n<p>\u200b\u200b<\/p>\n\n\n\n<p><strong>&gt; 12a sess\u00e3o: Identificando esquemas disfuncionais V\/Modificando esquemas disfuncionais I<\/strong><\/p>\n\n\n\n<p><em>Objetivos:<\/em><\/p>\n\n\n\n<p>1. listar problemas atuais que atuam como fatores estressores para an\u00e1lise durante a sess\u00e3o;<\/p>\n\n\n\n<p>2. revisar a tabela Identificando Esquemas Disfuncionais preenchida;<\/p>\n\n\n\n<p>3. apresentar t\u00e9cnicas para modifica\u00e7\u00e3o de esquemas disfuncionais;<\/p>\n\n\n\n<p>4. apresentar o conceito de p\u00f3lo saud\u00e1vel.<\/p>\n\n\n\n<p>\u200b<\/p>\n\n\n\n<p><em>Tarefas de casa:<\/em><\/p>\n\n\n\n<p>1. listar evid\u00eancias a favor e contra os principais esquemas disfuncionais;<\/p>\n\n\n\n<p>2. identificar quando o p\u00f3lo saud\u00e1vel est\u00e1 atuando.<\/p>\n\n\n\n<p>\u200b<\/p>\n\n\n\n<p><strong>&gt; 13a e 14a sess\u00f5es: Modificando esquemas disfuncionais II e III<\/strong><\/p>\n\n\n\n<p><em>Objetivos:<\/em><\/p>\n\n\n\n<p>1. listar problemas atuais que atuam como fatores estressores para an\u00e1lise durante a sess\u00e3o;<\/p>\n\n\n\n<p>2. analisar as evid\u00eancias a favor e contra os principais esquemas disfuncionais identificadas nas tarefas de casa;<\/p>\n\n\n\n<p>3. avaliar a veracidade ou inveracidade dos esquemas disfuncionais;<\/p>\n\n\n\n<p>4. analisar os momentos identificados em que o p\u00f3lo saud\u00e1vel atuou.<\/p>\n\n\n\n<p><em>Tarefas de casa:<\/em><\/p>\n\n\n\n<p>1. listar evid\u00eancias a favor e contra os principais esquemas disfuncionais;<\/p>\n\n\n\n<p>2. identificar quando o p\u00f3lo saud\u00e1vel est\u00e1 atuando.<\/p>\n\n\n\n<p>\u200b<\/p>\n\n\n\n<p><strong>15a sess\u00e3o: Modificando esquemas disfuncionais IV<\/strong><\/p>\n\n\n\n<p><em>Objetivos:<\/em><\/p>\n\n\n\n<p>1. listar problemas atuais que atuam como fatores estressores para an\u00e1lise durante a sess\u00e3o;<\/p>\n\n\n\n<p>2.&nbsp;apresentar t\u00e9cnicas de ensaios comportamentais;<\/p>\n\n\n\n<p>3. identificar formas de intervir quando o(s) esquema(s) disfuncional(is) est\u00e1(\u00e3o) atuando.<\/p>\n\n\n\n<p>\u200b<\/p>\n\n\n\n<p><em>Tarefas de casa:<\/em><\/p>\n\n\n\n<p>1. aplicar as interven\u00e7\u00f5es quando o(s) esquema(s) disfuncional(is) est\u00e1(\u00e3o) atuando planejadas na sess\u00e3o;<\/p>\n\n\n\n<p>2. identificar quando o p\u00f3lo saud\u00e1vel est\u00e1 atuando.<\/p>\n\n\n\n<p>\u200b<\/p>\n\n\n\n<p><strong>16a-20a sess\u00f5es: Modificando esquemas disfuncionais V-IX<\/strong><\/p>\n\n\n\n<p><em>Objetivos:<\/em><\/p>\n\n\n\n<p>1. listar problemas atuais que atuam como fatores estressores para an\u00e1lise durante a sess\u00e3o;<\/p>\n\n\n\n<p>2. avaliar a aplica\u00e7\u00e3o de comportamentos alternativos para atuar de forma mais saud\u00e1vel quando o(s) esquema(s) disfuncional(is) est\u00e1(\u00e3o) operando;<\/p>\n\n\n\n<p>3. identificar novas formas de intervir quando o(s) esquema(s) disfuncional(is) est\u00e1(\u00e3o) atuando.<\/p>\n\n\n\n<p>\u200b<\/p>\n\n\n\n<p><em>Tarefas de casa:<\/em><\/p>\n\n\n\n<p>1. aplicar as interven\u00e7\u00f5es&nbsp;quando o(s) esquema(s) disfuncional(is) est\u00e1(\u00e3o) atuando&nbsp;planejadas na sess\u00e3o;<\/p>\n\n\n\n<p>2. identificar quando o p\u00f3lo saud\u00e1vel est\u00e1 atuando.<\/p>\n\n\n\n<p><em>\u200b<\/em><\/p>\n\n\n\n<p><em>\u200b<strong>Daniel Maffasioli Gon\u00e7alves &#8211; CRM 20.397<\/strong><\/em><\/p>\n\n\n\n<p><em><strong>Psiquiatra em Florian\u00f3polis<\/strong><\/em><\/p>\n\n\n\n<p><em><strong>Instagram: danielpsiquiatrafloripa<\/strong><\/em><\/p>\n\n\n\n<h6>\u200bNos links abaixo est\u00e3o todos os arquivos das tarefas de casa:<\/h6>\n\n\n\n<h6>\u200b<a rel=\"noreferrer noopener\" href=\"https:\/\/www.danielgoncalvespsiquiatra.com\/t%C3%A9cnicas-al%C3%ADvio-ansiedade\" target=\"_blank\">\u200bT\u00e9cnicas para al\u00edvio da ansiedade<\/a><\/h6>\n\n\n\n<p>\u200b<a rel=\"noreferrer noopener\" href=\"https:\/\/www.danielgoncalvespsiquiatra.com\/orientacoes-gerais-de-tratamento\" target=\"_blank\">Orienta\u00e7\u00f5es sobre uso de medicamentos<\/a><\/p>\n\n\n\n<p>\u200b<a rel=\"noreferrer noopener\" href=\"https:\/\/www.danielgoncalvespsiquiatra.com\/orientacoes-para-uso-de-litio\" target=\"_blank\">Cuidados com o uso de l\u00edtio<\/a><\/p>\n\n\n\n<p>\u200b<a rel=\"noreferrer noopener\" href=\"https:\/\/www.danielgoncalvespsiquiatra.com\/uso-de-acido-valproico-e-carbamazep\" target=\"_blank\">Cuidados com o uso de \u00e1cido valproico e carbamazepina<\/a><\/p>\n\n\n\n<p>\u200b<a rel=\"noreferrer noopener\" href=\"https:\/\/www.danielgoncalvespsiquiatra.com\/phq\" target=\"_blank\">PHQ<\/a><\/p>\n\n\n\n<p>\u200b<a rel=\"noreferrer noopener\" href=\"https:\/\/www.danielgoncalvespsiquiatra.com\/gad-7\" target=\"_blank\">GAD-7: escala de ansiedade<\/a><\/p>\n\n\n\n<p>\u200b<a rel=\"noreferrer noopener\" href=\"https:\/\/www.danielgoncalvespsiquiatra.com\/ficha-abcde\" target=\"_blank\">IDENTIFICANDO PENSAMENTOS AUTOM\u00c1TICOS DISFUNCIONAIS<\/a><\/p>\n\n\n\n<p>\u200b<a rel=\"noreferrer noopener\" href=\"https:\/\/www.danielgoncalvespsiquiatra.com\/distor%C3%A7%C3%B5es-cognitivas-mais-comuns\" target=\"_blank\">Distor\u00e7\u00f5es cognitivas mais comuns<\/a><\/p>\n\n\n\n<p>\u200b<a rel=\"noreferrer noopener\" href=\"https:\/\/www.danielgoncalvespsiquiatra.com\/orientacoes-tratamento-complementar\" target=\"_blank\">Orienta\u00e7\u00f5es sobre tratamento n\u00e3o medicamentoso<\/a><\/p>\n\n\n\n<p>\u200b<a rel=\"noreferrer noopener\" href=\"https:\/\/www.danielgoncalvespsiquiatra.com\/higiene-do-sono\" target=\"_blank\">Higiene do sono<\/a><\/p>\n\n\n\n<p>\u200b<a rel=\"noreferrer noopener\" href=\"https:\/\/www.danielgoncalvespsiquiatra.com\/alimentacao-saudavel\" target=\"_blank\">Dicas para uma alimenta\u00e7\u00e3o saud\u00e1vel<\/a><\/p>\n\n\n\n<p>\u200b<a rel=\"noreferrer noopener\" href=\"https:\/\/www.danielgoncalvespsiquiatra.com\/desafiando-pensamentos\" target=\"_blank\">MODIFICANDO PENSAMENTOS AUTOM\u00c1TICOS DISFUNCIONAIS<\/a><\/p>\n\n\n\n<p>\u200b<a rel=\"noreferrer noopener\" href=\"https:\/\/www.danielgoncalvespsiquiatra.com\/esquemas-disfuncionais\" target=\"_blank\">ESQUEMAS DISFUNCIONAIS<\/a><\/p>\n\n\n\n<p>\u200b<a rel=\"noreferrer noopener\" href=\"https:\/\/www.danielgoncalvespsiquiatra.com\/identificando-esquemas-disfuncionai\" target=\"_blank\">IDENTIFICANDO ESQUEMAS DISFUNCIONAIS<\/a><\/p>\n\n\n\n<p>\u200b<\/p>\n","protected":false},"excerpt":{"rendered":"<p>Apresento aqui a proposta de trabalho baseada na psicoeduca\u00e7\u00e3o e que \u00e9 utilizada independente de haver ou n\u00e3o indica\u00e7\u00e3o de uso de medicamentos. Sugere-se a realiza\u00e7\u00e3o<span class=\"excerpt-hellip\"> [\u2026]<\/span><\/p>\n","protected":false},"author":1,"featured_media":0,"parent":0,"menu_order":0,"comment_status":"closed","ping_status":"closed","template":"","meta":[],"_links":{"self":[{"href":"https:\/\/anatomymkt.com.br\/drdaniel\/wp-json\/wp\/v2\/pages\/86"}],"collection":[{"href":"https:\/\/anatomymkt.com.br\/drdaniel\/wp-json\/wp\/v2\/pages"}],"about":[{"href":"https:\/\/anatomymkt.com.br\/drdaniel\/wp-json\/wp\/v2\/types\/page"}],"author":[{"embeddable":true,"href":"https:\/\/anatomymkt.com.br\/drdaniel\/wp-json\/wp\/v2\/users\/1"}],"replies":[{"embeddable":true,"href":"https:\/\/anatomymkt.com.br\/drdaniel\/wp-json\/wp\/v2\/comments?post=86"}],"version-history":[{"count":4,"href":"https:\/\/anatomymkt.com.br\/drdaniel\/wp-json\/wp\/v2\/pages\/86\/revisions"}],"predecessor-version":[{"id":169,"href":"https:\/\/anatomymkt.com.br\/drdaniel\/wp-json\/wp\/v2\/pages\/86\/revisions\/169"}],"wp:attachment":[{"href":"https:\/\/anatomymkt.com.br\/drdaniel\/wp-json\/wp\/v2\/media?parent=86"}],"curies":[{"name":"wp","href":"https:\/\/api.w.org\/{rel}","templated":true}]}}